he hundred thousands digit of 683962?
6
What is the thousands digit of 18358905?
8
What is the thousands digit of 1105987?
5
What is the hundreds digit of 468406?
4
What is the thousands digit of 167474?
7
What is the hundreds digit of 14449144?
1
What is the millions digit of 1065078?
1
What is the millions digit of 2185630?
2
What is the units digit of 6527436?
6
What is the hundreds digit of 9251638?
6
What is the ten thousands digit of 1577578?
7
What is the thousands digit of 935196?
5
What is the thousands digit of 201763?
1
What is the millions digit of 1285602?
1
What is the thousands digit of 5393935?
3
What is the ten thousands digit of 922889?
2
What is the hundreds digit of 340251?
2
What is the hundreds digit of 748977?
9
What is the hundreds digit of 1375533?
5
What is the tens digit of 194243?
4
What is the tens digit of 1045022?
2
What is the hundred thousands digit of 1231552?
2
What is the hundred thousands digit of 13502539?
5
What is the ten thousands digit of 213798?
1
What is the hundred thousands digit of 620933?
6
What is the ten thousands digit of 7099366?
9
What is the tens digit of 4160378?
7
What is the hundred thousands digit of 6693686?
6
What is the thousands digit of 7035325?
5
What is the ten thousands digit of 41687968?
8
What is the thousands digit of 202889?
2
What is the ten thousands digit of 1993977?
9
What is the ten thousands digit of 338497?
3
What is the units digit of 4589304?
4
What is the thousands digit of 1842000?
2
What is the units digit of 27063?
3
What is the ten thousands digit of 4665668?
6
What is the ten thousands digit of 11999821?
9
What is the thousands digit of 1307643?
7
What is the tens digit of 27225624?
2
What is the hundred thousands digit of 12536835?
5
What is the thousands digit of 1179712?
9
What is the thousands digit of 7655217?
5
What is the hundred thousands digit of 1131254?
1
What is the hundred thousands digit of 1758028?
7
What is the millions digit of 5088848?
5
What is the thousands digit of 138239?
8
What is the hundreds digit of 171741?
7
What is the ten thousands digit of 91557?
9
What is the thousands digit of 175540?
5
What is the ten thousands digit of 102092?
0
What is the hundreds digit of 453104?
1
What is the units digit of 2943578?
8
What is the thousands digit of 8383205?
3
What is the hundreds digit of 103539?
5
What is the millions digit of 4607865?
4
What is the hundred thousands digit of 1922380?
9
What is the hundreds digit of 668969?
9
What is the millions digit of 7777021?
7
What is the thousands digit of 1265450?
5
What is the units digit of 462056?
6
What is the hundreds digit of 6617384?
3
What is the units digit of 199842?
2
What is the hundred thousands digit of 175104?
1
What is the units digit of 169501?
1
What is the ten thousands digit of 231687?
3
What is the units digit of 1650450?
0
What is the hundreds digit of 385490?
4
What is the tens digit of 74659?
5
What is the ten thousands digit of 2496666?
9
What is the units digit of 9891110?
0
What is the ten thousands digit of 196578?
9
What is the tens digit of 464433?
3
What is the thousands digit of 478463?
8
What is the thousands digit of 5136108?
6
What is the ten thousands digit of 196945?
9
What is the thousands digit of 3561337?
1
What is the units digit of 9828068?
8
What is the hundreds digit of 126483?
4
What is the units digit of 3480985?
5
What is the hundreds digit of 446990?
9
What is the ten thousands digit of 9714085?
1
What is the hundreds digit of 6800241?
2
What is the ten thousands digit of 223066?
2
What is the units digit of 254008?
8
What is the tens digit of 172590?
9
What is the ten thousands digit of 2164581?
6
What is the hundred thousands digit of 5177427?
1
What is the tens digit of 262550?
5
What is the units digit of 1016463?
3
What is the ten thousands digit of 712973?
1
What is the thousands digit of 464031?
4
What is the hundred thousands digit of 3890986?
8
What is the units digit of 122173?
3
What is the hundred thousands digit of 1109453?
1
What is the ten thousands digit of 5306552?
0
What is the units digit of 57176?
6
What is the ten thousands digit of 469387?
6
What is the hundred thousands digit of 17653335?
6
What is the hundred thousands digit of 3245352?
2
What is the tens digit of 3799180?
8
What is the ten thousands digit of 717623?
1
What is the thousands digit of 3505598?
5
What is the millions digit of 4220204?
4
What is the tens digit of 526566?
6
What is the ten millions digit of 31296769?
3
What is the ten thousands digit of 321665?
2
What is the thousands digit of 6264391?
4
What is the units digit of 4203729?
9
What is the tens digit of 1214867?
6
What is the thousands digit of 38347815?
7
What is the hundred thousands digit of 1365797?
3
What is the thousands digit of 16322743?
2
What is the millions digit of 1921943?
1
What is the thousands digit of 62876?
2
What is the tens digit of 513206?
0
What is the hundred thousands digit of 466120?
4
What is the thousands digit of 4678517?
8
What is the hundred thousands digit of 1097771?
0
What is the tens digit of 1444254?
5
What is the hundred thousands digit of 3543950?
5
What is the hundred thousands digit of 887939?
8
What is the hundreds digit of 1645137?
1
What is the millions digit of 3350932?
3
What is the units digit of 2014141?
1
What is the hundred thousands digit of 4064141?
0
What is the thousands digit of 5453217?
3
What is the millions digit of 8265472?
8
What is the ten thousands digit of 2933964?
3
What is the units digit of 1152197?
7
What is the tens digit of 875085?
8
What is the units digit of 100712?
2
What is the thousands digit of 1215884?
5
What is the hundred thousands digit of 160780?
1
What is the tens digit of 17453598?
9
What is the ten thousands digit of 7515333?
1
What is the thousands digit of 8688127?
8
What is the units digit of 13379718?
8
What is the tens digit of 654805?
0
What is the ten millions digit of 19256038?
1
What is the hundreds digit of 3317068?
0
What is the hundred thousands digit of 5839165?
8
What is the units digit of 10051?
1
What is the tens digit of 4200751?
5
What is the hundreds digit of 271071?
0
What is the units digit of 1557786?
6
What is the ten thousands digit of 7408882?
0
What is the ten thousands digit of 1216781?
1
What is the hundred thousands digit of 377009?
3
What is the hundreds digit of 3765700?
7
What is the hundred thousands digit of 3035019?
0
What is the hundreds digit of 937475?
4
What is the tens digit of 8261235?
3
What is the hundred thousands digit of 7399822?
3
What is the hundred thousands digit of 1973761?
9
What is the hundred thousands digit of 145729?
1
What is the millions digit of 33389810?
3
What is the units digit of 92526?
6
What is the tens digit of 6501749?
4
What is the ten thousands digit of 3065761?
6
What is the thousands digit of 11793584?
3
What is the thousands digit of 7541612?
1
What is the hundreds digit of 67959?
9
What is the ten thousands digit of 4707229?
0
What is the hundreds digit of 427484?
4
What is the units digit of 10519544?
4
What is the tens digit of 24119064?
6
What is the thousands digit of 943694?
3
What is the ten thousands digit of 257318?
5
What is the thousands digit of 369630?
9
What is the hundred thousands digit of 185576?
1
What is the hundred thousands digit of 3446643?
4
What is the hundreds digit of 34739662?
6
What is the hundreds digit of 693871?
8
What is the hundred thousands digit of 903787?
9
What is the units digit of 8681548?
8
What is the hundreds digit of 2280918?
9
What is the units digit of 8489409?
9
What is the hundred thousands digit of 379235?
3
What is the tens digit of 1828956?
5
What is the thousands digit of 540652?
0
What is the thousands digit of 109587?
9
What is the hundreds digit of 23896341?
3
What is the ten thousands digit of 631973?
3
What is the hundred thousands digit of 464229?
4
What is the tens digit of 2036295?
9
What is the hundred thousands digit of 182195?
1
What is the thousands digit of 75251?
5
What is the tens digit of 130313?
1
What is the thousands digit of 344698?
4
What is the units digit of 368596?
6
What is the ten thousands digit of 6727938?
2
What is the tens digit of 21427?
2
What is the hundred thousa